 0.
5
What is the value of (6 - 8) + -3 + 2?
-3
Calculate 0 - -6 - (1 + 9).
-4
What is the value of (9 - 1) + -19 + -13 + 30?
6
What is (10 - (7 + 22)) + 11?
-8
(3 + 1 - 3) + (1 - -2)
4
Evaluate -3 - (-2 - 0 - (-6 - -3)).
-4
What is -9 - (-2 - (2 + -2))?
-7
Evaluate 3 - ((40 - 40) + (0 - -3)).
0
Evaluate 3 + -1 + 1 - -2.
5
Calculate -2 - (6 - (9 + -2 + -1)).
-2
What is 13 + -22 + 4 + 7?
2
What is the value of -6 - (5 + -6 + -7)?
2
Evaluate 3 + -1 - (4 + (-2 - -2)).
-2
Calculate 2 + -1 - -2 - 2.
1
Calculate 6 + -7 - 3 - (2 - 2).
-4
What is (32 - 27) + (2 - 0) + -6?
1
What is (30 - 18 - 10) + 3 + 0?
5
What is the value of -12 + (3 - -6) - 1?
-4
What is the value of 0 - (-1 + 0) - (5 + -9)?
5
Evaluate -12 + 10 + (1 - 2) - -1.
-2
Calculate 1 - ((6 - 10) + 6).
-1
Evaluate 6 + -24 + 10 - -11.
3
What is 6 - (4 - -6 - 1)?
-3
-3 + -8 + (21 - -3 - 8)
5
-2 + (14 - 9) + -5
-2
Evaluate 2 - (-8 + 15 - 7).
2
What is (6 - 17 - -3) + 9?
1
Evaluate (-1 - (0 - -1)) + 398 + -394.
2
What is 0 - ((-1 - 2) + 4) - -4?
3
Evaluate 55 + -51 - (-2 + -1 + 1).
6
-4 + 7 - (-4 + 13)
-6
Calculate 1 + 1 - (6 + -2 + -6).
4
What is the value of 5 + -3 + -7 - (0 - 4)?
-1
What is -5 - ((-2 - -3) + -5)?
-1
Calculate -1 + -10 + 10 - -10.
9
1 + 7 + -10 - 0
-2
10 - 5 - (0 + 1 + 12)
-8
(11 - (2 + 2 + 1)) + -1
5
Evaluate -62 + 55 + (-1 - -8).
0
What is the value of -58 + 66 - (16 + 0)?
-8
Evaluate 0 - (-4 + 6) - -2.
0
Calculate (46 - 37) + (0 - 2).
7
Calculate -6 - (-6 - (-7 - -1 - -2)).
-4
Evaluate (7 - (8 - (4 - 0))) + -2.
1
Evaluate -4 - (-10 - -8 - -5).
-7
Calculate (-4 - -13) + -4 + -4 + 2.
3
Evaluate 3 - (5 - (-4 - -8)).
2
What is the value of 3 + 0 + (-14 - -7) + 0?
-4
Calculate 13 + -7 + -6 - (-1 + 4).
-3
Evaluate -5 - (3 + -3 + -1) - 1.
-5
4 - (-3 + 10 + (1 - 5))
1
Calculate -6 + 4 + -3 + 4.
-1
Calculate 2 - (-5 + 4 - (3 + -8)).
-2
1 + -2 - (0 + 0)
-1
What is the value of 12 + -7 - (1 - (0 + -1))?
3
Evaluate 9 + -11 + (0 - 6).
-8
Evaluate 1 + 0 - (2 + -1).
0
Calculate (122 - 117) + (-13 - 1).
-9
(-9 + 0 - (1 + 0)) + 5
-5
Calculate 1 + (1 - (-3 - -4)).
1
What is the value of 8 + 2 + -7 + -5?
-2
What is -10 + -12 + 25 + -7?
-4
Calculate 3 + -3 + 0 + 2.
2
0 - ((2 - 3) + -3) - 1
3
What is -1 - (1 + 6 + -10)?
2
What is the value of 52 + -52 + 1 + -8 + -1?
-8
-3 + -1 + (-2 - -4) + 2
0
What is the value of 11 + -2 + (1 - 13)?
-3
(21 - 14) + (-4 - -4 - 3)
4
Evaluate (2 - -2) + -6 + 10.
8
What is the value of -1 - 1 - (-1 - -1)?
-2
What is 8 + -10 + 11 + 2?
11
Evaluate -5 + 4 + (-1 - 3).
-5
What is the value of 5 + (1 - 3) + 7 + -7?
3
Evaluate 0 + (-1 - -2) - (-142 + 147).
-4
What is the value of (6 - 0) + (3 - 1 - 4)?
4
Evaluate 21 + -14 + 0 + -5.
2
Evaluate 10 - (-3 - -8) - 6 - 2.
-3
What is the value of 4 - (2 - (-7 + 4) - 2)?
1
What is 4 + -2 + -9 + 13 + 0?
6
What is 7 + (6 - 6) + -5?
2
Calculate -4 + (9 - (4 + -2)).
3
What is the value of 3 + -5 + 5 + -1 + 4?
6
7 + (-1 - (-8 - (-8 + 2)))
8
(-1 - -7) + -5 + 4
5
Evaluate -3 + 2 - (-6 + 1 - 0).
4
-4 + 8 + 0 - 3
1
What is (0 - -4) + (-9 - 3) + 12?
4
Calculate -7 + 10 - (-1 - 0).
4
Evaluate 8 + 1 + -1 - (117 - 118).
9
Calculate -4 + 10 + -4 + 0 + 2.
4
What is the value of 1 - (2 - 1 - 5)?
5
-2 + -13 - (-6 - (8 + -8))
-9
Calculate -14 + (-11 - -8) + 10.
-7
What is -3 - (-7 + (-7 - -3) + 6)?
2
What is the value of 1 - (-1 - -2 - (-2 - 1))?
-3
Evaluate -4 - (0 + -4 - -1).
-1
Calculate -17 + 22 + -1 + -7.
-3
What is -3 - (0 - 1 - (-18 - -23))?
3
((2 - -3) + -3 - 2) + 1
1
Evaluate -4 - (-8 - (-9 - -5)).
0
What is the value of -1 - (2 - -4 - (8 - 3))?
-2
2 + 6 + (-4 - -1)
5
Evaluate 4 - (1 - (-2 - (4 - 3))).
0
-3 + -3 + 6 + -3
-3
What is (-2 - -3) + (10 - (15 + -10))?
6
Evaluate -5 - -7 - (-1 + -1).
4
Evaluate 3 - (-4 + 3 + 3) - 5.
-4
What is the value of (1 - -8) + (-1 - 3)?
5
Calculate 0 + 9 + -4 + 3 + -7.
1
What is the value of -7 - (6 + -11 + 5)?
-7
What is -16 + 10 - -1 - 2?
-7
(0 - -1) + -16 + 5 + 12
2
-3 + (4 - 9 - (-19 - -9))
2
What is the value of -6 + (-1 - -5) - (0 - 9)?
7
What is 0 + (6 - (-7 - -10))?
3
What is the value of -3 - (-9 - -2) - (-1 + 3)?
2
18 + -7 - 5 - 1
5
Evaluate 5 + -4 + 8 + -10 + 1.
0
4 + (0 - (-3 + 6)) + -2
-1
3 + 5 + -7 - -2
3
0 + (8 + -7 - (2 + -5))
4
What is (0 + 1 - 4) + 7 + -10?
-6
7 + (-7 - -8 - 5) - -5
8
-6 + (-13 + 6 - 0 - -13)
0
Calculate -2 + (-2 - -4 - (4 - 1)).
-3
What is -9 + -2 + (68 - 61)?
-4
What is 2 - (1 + -1) - (2 + 1)?
-1
Evaluate 7 - (-6 - 1) - 9.
5
-9 - -1 - (-4 - 3)
-1
-4 + 1 + 4 - (3 + -3)
1
Calculate -2 - (2 - 8) - 2.
2
Evaluate (-1 - 0) + (6 - 8) + 8.
5
Calculate 2 - 0 - (22 + -16).
-4
(-2 - -6) + (6 - 6)
4
What is 2 + -2 + 2 - (18 + -17)?
1
Evaluate 7 + 3 + -9 - (-1 + 1).
1
What is the value of -1 - (0 - -4) - -4?
-1
Evaluate -6 - (1 - 14 - (-1 - 0)).
6
(-4 + 1 - (0 + -1)) + 7
5
Evaluate 1 + 1 + -3 + 4 + 0.
3
3 - ((2 + 0 - 3) + -1)
5
What is the value of 6 + -1 - (-6 - (6 + -12))?
5
2 - -3 - 8 - -5 - -1
3
What is -3 - (5 + -2 + -1 + -10)?
5
What is 9 + -1 + -10 + 7?
5
(2 - 7) + 6 + (4 - 5)
0
-6 + 5 + 7 - 3
3
What is (12 - (21 - 12)) + -4?
-1
Evaluate (4 + 0 - 3) + -2.
-1
(3 - 3) + (-13 - -5 - -10)
2
8 - (23 + -10 - 16)
11
Calculate -2 + (5 - -1) - (-10 - -9).
5
Calculate 10 + -22 + 13 - -3.
4
2 - ((6 - 3) + (6 - 9))
2
What is (-8 - -4 - -11) + -6?
1
What is the value of -3 + (-2 + 12 - (-2 - -7))?
2
What is the value of -2 + -2 + 9 + (-3 - -3)?
5
-12 + 6 + -8 + 7
-7
Calculate -4 + (1 - (7 - 5) - -7).
2
Calculate -4 - (4 + 7 + -4 + -12).
1
What is the value of -1 + 1 - 1 - (-6 - -5)?
0
Calculate (2 - (2 + 1)) + 4.
3
What is the value of -4 - (-1 - -2) - (0 + -2)?
-3
What is the value of 91 - 84 - (4 + 1 + 0)?
2
What is the value of (0 - -3) + 8 + -10?
1
What is the value of (-2 - 4) + 3 - -7?
4
Evaluate 8 + -18 - -10 - 1.
-1
Calculate (-2 - (2 - 7)) + -2 + 2.
3
Evaluate -2 + 3 + (1 - -3).
5
-1 + 1 + 3 + -27 + 25
1
Calculate (0 - (-3 + 1) - 4) + -1.
-3
What is (1 - 5) + 3 + 2?
1
Calculate -13 + -11 + 11 + 8.
-5
Evaluate 10 + -2 - (-18 - -24) - -4.
6
What is the value of (1 - 6) + (-44 - -44)?
-5
1 - 3 - ((8 - 9) + -7)
6
Calculate -8 + -1 - (-15 + 5).
1
Calculate 8 + -14 + (-1 - 1).
-8
Calculate 1 + 0 - (11 - (6 + 10)).
6
What is the value of 6 + (-9 - (-3 + -6))?
6
-2 + -2 + (-85 - -84)
-5
-2 + 5 + 5 - 7
1
Calculate -10 + (11 - (3 + -6)).
4
What is the value of 2 + 1 - (-22 + 30)?
-5
What is -2 + 6 - (-14 + 15)?
3
Calculate -2 + 9 - 9 - (-1 - -4).
-5
(15 - 24) + 9 + -1
-1
0 + (-5 - -1) + 0
-4
Evaluate 4 + -22 + 26 + (-4 - -1).
5
Evaluate -4 + (-2 - (1 + -5)).
-2
What is the value of 1 - 0 - 2 - 4?
-5
What is the value of 0 + 1 + (-7 - 1)?
-7
What is the value of 21 - (11 + (-10 - -11))?
9
What is (-4 - -9) + (-6 - -3)?
2
What is (0 - -2) + -1 + 2?
3
Evaluate 13 - 6 - (-7 - -20).
-6
-6 + 4 + (6 + -6 - 5)
-7
Calculate -4 + 4 + -2 + -2.
-4
What is the value of 2 - 4 - 1 - -7?
4
What is -13 - (1 + (-5 - 4))?
-5
(29 - 27) + 4 + -12
-6
What is 59 - 52 - (1 + -3)?
9
What is -1 - -2 - -1 - (-38 - -41)?
-1
Calculate -18 + 23 - (2 - -9).
-6
What is the value of (13 - 2) + -9 - -1?
3
Calculate 2 + -9 + 2 - -1.
-4
What is the value of -5 + (-6 - 2) + 18?
5
-5 + 1 + -1 + (-1 - -2)
-4
Evaluate -3 - 1 - (-4 + 10 + -4).
-6
25 + -38 + 8 + 0
-5
Calculate -4 + 1 + (-16 - -10).
-9
Calculate 0 + 2 + -7 + 1 + 4.
0
Calculate (4 - (3 - 6)) + -10 + 9.
6
(3 - -2 - 8) + 9
6
0 + (-4 - -1) + -4
-7
(-3 - 5) + 5 + -1
-4
What is the value of -4 + 7 - (-1 - (9 + -5))?
8
What is the value of (6 - 0) + (8 - (-2 + 19))?
-3
What is 2 + 4 + -10 + 7?
3
1 + 1 - (6 - 1 - 1)
-2
Calculate (-17 - -8) + 8 - 3 - -4.
0
What is the value of 3 + (1 - (5 + 2)) + -1?
-4
What is the value of (1 - -4) + 2 + -3 + 1?
5
Calculate (6 - 7) + (2 - (7 - 4)).
-2
Calculate (10 - (11 + -5)) + (2 - 8).
-2
Evaluate (5 - (9 - 5)) + 1 + 4.
6
What is the value of 10 - (-12 + 26) - (-9 + -1)?
6
(4 - -8) + -1 + -9
2
What is the value of -1 + -4 + 7 + -2?
0
Calculate 0 + -2 + (1 - -3).
2
Evaluate -1 - (-13 + 10 - (-2 + -2)).
-2
What is -3 + 3 + 13 + -10?
3
Evaluate 0 + -4 - (-1 + -3 + 2).
-2
What is -2 + (1 - -3) + -6?
-4
What is -4 + (1 - (-2 - -3) - -9)?
5
What is the value of (0 - (1 + 0)) + -3?
-4
What is the value of -6 - 0 - -16 - 11?
-1
What is the value of (-17 - -24) + 0 + -11 + 3?
-1
0 + 4 - (-60 + 66)
-2
What is 1 + (-3 - -3 - 0) + -2?
-1
Ca